 - n - 20. Let x(b) = b**3 - 7*b**2 - b + 10. Calculate x(a).
3
Suppose 0 = 9*w + 20 + 25. Let i(g) = g**2 + 2*g - 5. Determine i(w).
10
Let v(c) = 191*c + c**2 - 3 + 1 - 185*c. Let r(z) = -z**2 + 6*z - 6. Let f be r(6). Give v(f).
-2
Let a(u) be the second derivative of -u**5/10 + u**4/12 - u**3/3 + u**2/2 + u. Let t = 4 - 3. Let j be (0 + t)*(-6 - -7). Calculate a(j).
-2
Suppose x - 4 = -0*x. Suppose 0 = -3*z + r + 8, x*z = r + 1 + 10. Let y(f) = -13*f - 1. Let c(l) = -3*l. Let d(k) = -9*c(k) + 2*y(k). Calculate d(z).
1
Let t(u) = 3*u - 14. Let g(i) = i - 5. Let q(d) = -17*g(d) + 6*t(d). Give q(7).
8
Let a(s) = -8*s. Let q = 21 + -22. Give a(q).
8
Let d(n) be the third derivative of -n**8/6720 + n**7/630 + n**6/240 + 7*n**5/120 - n**4/12 + 4*n**2. Let b(p) be the second derivative of d(p). Give b(5).
-3
Let d(c) = 4*c. Suppose 3*p + 2*i + 8 = 7*p, 0 = -2*p + 3*i. Let l be (p - 26/10)*-5. Calculate d(l).
-8
Let z(n) = n**2 + n - 2. Let f be z(-5). Suppose -4*q + 4 = 0, -20 = -2*p + 2*q + f. Suppose -4*b = -4*m + p, 4*m = m. Let d(j) = -j + 2. Determine d(b).
7
Let q(i) = -i - 3. Let r be ((-6)/(-10))/((-1)/5). Let s(l) = l**2 + 3*l - 3. Let c be s(r). What is q(c)?
0
Suppose -5 = -s, s + 25 = 3*y + 6*s. Let c(l) = -4*l - 4. Let a(j) = -j - 1. Let z(b) = 3*a(b) - c(b). Give z(y).
1
Suppose 4*z - 16 = -5*i, -z - i = -2*i - 4. Let a(n) = -2*n**2 + z - 4*n**2 - 3 + n**3 + 6*n. Determine a(5).
6
Let r(a) = a**2 + 3*a - 5. Let g = -8 + 7. Let z(o) = -3*o**2 + o. Let l be z(g). Calculate r(l).
-1
Let t(c) = c**2 - 4*c - 5. Suppose -4 + 0 = -i. Suppose -7 - 1 = 2*f + i*k, 0 = -f + 3*k + 16. Determine t(f).
-5
Let s(t) be the first derivative of 3*t - 2*t**2 - 1 + 1/4*t**4 - 1/3*t**3. Let l be (-3)/(((-21)/(-2))/(-7)). Determine s(l).
-1
Let q(m) = -3 + 0*m**2 + 0*m**2 + m**2 + 5 - 7*m. Suppose 0 = 2*l + 3*i - 22, -l + 5*i - 3 = 12. Give q(l).
-8
Let x(k) be the first derivative of -4*k + 5/2*k**2 + 5/3*k**3 + 1/4*k**4 + 2. Determine x(-4).
-8
Suppose 3*h + h = -24. Let f(d) = d + 3. Give f(h).
-3
Suppose -3*z + 0*z = 0. Let s(f) = f**2 + f + 6. Determine s(z).
6
Suppose g + 5 = 5*v, g - 7 = -2*v + v. Let q(y) = 2*y**2 - 8 + 2*y**3 + 6 + y**v + 2*y. Give q(-2).
-10
Let d(g) = g + 1. Let k(i) = -2*i + 3. Suppose -5*o = x + 7, -3*o + 2*x - 1 = 2*o. Let w(q) = o*k(q) + 3*d(q). Let y = -2 + 3. Calculate w(y).
5
Let j(n) be the second derivative of n**4/12 - 2*n**3/3 + 3*n**2/2 + 36*n. Give j(4).
3
Let d(w) = w + 9. Suppose 2 = -4*a - 6. Suppose 5*h + 284 = 4*n, -2*h - 2*h + 5*n = 220. Let j be (a/(-6))/(4/h). Calculate d(j).
4
Suppose 2 = -3*t + b + 13, -5 = b. Let q = -11 - -11. Let z(g) = 0*g + 2*g + 4 + q - g**t. Give z(3).
1
Let a = 4 + -3. Let b = 1 + 2. Let y = a + b. Let q(w) = -w**3 + 5*w**2 - w - 5. Calculate q(y).
7
Let u(o) = 2*o - 4. Let c(x) = x - 1. Let r(v) = 15*c(v) - 3*u(v). Determine r(2).
15
Let y(s) = 6*s - 3 + 2*s - 11*s + s**3 - 3*s**2 + 2. Determine y(4).
3
Let u(o) be the third derivative of 0*o**4 - o**2 + 0 + 0*o - 11/60*o**5 + 1/6*o**3. Suppose 5*d + 2*y + 1 = 0, -3*d = 4*y + 3 + 6. Give u(d).
-10
Suppose 0 = 3*d - 6*d + 21. Let a(i) = i**2 - 8*i + 1. Give a(d).
-6
Let z = 20 - 19. Let l(o) = -o**3 + 2*o - 1. Give l(z).
0
Suppose 5*i = -0*i + 40. Let f(v) = v**2 - 7*v - 11. Give f(i).
-3
Let b(w) = -2*w**2 - 21*w - 23. Let i be b(-9). Let p(t) = t**2 + 0*t**2 + 3 + 1 - 5*t. Give p(i).
0
Let c(b) = -1387*b**2 + 5*b + 694*b**2 + 692*b**2. Suppose 3*z - 6 = -t + 1, -3*t = 15. What is c(z)?
4
Let d(w) be the second derivative of -w**2 + 1/6*w**3 - 5*w + 0. What is d(0)?
-2
Let k(i) be the first derivative of -i**4/4 - 5*i**3/3 - 3*i**2 - 6*i + 2. Let m be k(-4). Let r(x) = m + 2*x - 2*x**2 + 0 - x. Calculate r(2).
-4
Let f(s) be the first derivative of -s**3/3 + 3*s**2 - 4*s - 21. Determine f(7).
-11
Let m(f) = f**2 + 2*f - 5. Let g be (-4)/14*(0 - 7). Suppose g*p - 4*o - 8 = 0, -2*p + o + 2*o = -4. Calculate m(p).
3
Let q = 0 + -6. Let k(c) = 2*c - 1 + 1 + 4 - 3*c. Calculate k(q).
10
Let l(j) = 5*j**3 - j**2 + 9*j - 11. Let a(o) = 2*o**3 + 4*o - 5. Let g(y) = 7*a(y) - 3*l(y). Give g(2).
4
Let n(c) = -c**2 + 1 + 7*c**3 - c**3 + 0*c - c. Suppose -2*m - 5 = -3*m. Suppose 0 = 2*z + l - 5, -4*l = 5*z - 12 - m. Give n(z).
5
Let k(t) = -2*t + 3. Let u be k(5). Let a = -5 - u. Let s(v) = v + 0*v + a*v. Calculate s(-2).
-6
Let r = 1 - -4. Let a(p) = 2*p + 2. Suppose 8 = -d + 3*d - 4*x, -x - 29 = -5*d. Let l(n) = 2*n + 3. Let j(w) = d*l(w) - 7*a(w). Give j(r).
-6
Let o(q) = q**2 - 4*q + 3. Let i be (3 + 21/(-5))/(6/(-20)). Calculate o(i).
3
Suppose 3*u - s = -u + 13, u - 4*s = 22. Suppose -u*y + 6*d + 3 = 3*d, -d + 4 = y. Let q(k) = -k**3 + 3*k**2 + 4*k - 1. Determine q(y).
11
Let i(w) = -9194 + 8*w + 9194. Determine i(2).
16
Let t(h) be the third derivative of 0*h**4 + 0*h - h**2 - 1/120*h**6 - 1/6*h**3 - 1/30*h**5 + 0. Suppose 0*s - 10 = 5*s. What is t(s)?
-1
Let r = 2 - 8. Let l = r - -11. Let q(n) = n**3 - 5*n**2 - n - 4. Determine q(l).
-9
Let t(r) = 6*r + 1. Let l = 43 + -45. Calculate t(l).
-11
Let t = -6 + 2. Let w(p) be the first derivative of p**2/2 + 4*p + 7. What is w(t)?
0
Let u(d) = 7*d + 2 + d**3 + 16*d**2 - 9*d**2 - 2*d. Calculate u(-6).
8
Let a(d) = -d + 2. Let b(u) = 1. Let h(l) = -a(l) + 4*b(l). Suppose 5*y + 31 = 11. What is h(y)?
-2
Suppose -2*k - 4*i = -3*k + 10, k - 22 = -2*i. Let z be 4/k*3*3. Let l(j) = j**2 - 3*j + 2. Determine l(z).
0
Let l(r) = 24 + r - 53 + 24. Calculate l(-5).
-10
Let b(a) = 3 + 30*a + 27*a - 51*a - 7 - a**2. Suppose y + 2 = 5. Give b(y).
5
Let l(w) be the second derivative of 1/12*w**4 - w**3 + 4*w - 1/2*w**2 + 0. What is l(5)?
-6
Let r = -2 - -4. Let a be 5*((-2)/5)/(-1). Let k(i) = -i**3 + 0 - i + i**a + 0*i**2 - 3 + 4*i. What is k(r)?
-1
Let l(j) = -j**3 + 5*j**2 + 6*j - 6. Let w be (-184)/(-44) + 2 - (-2)/(-11). Calculate l(w).
-6
Let w(b) be the first derivative of b**2/2 + 2*b - 23. What is w(-3)?
-1
Let m(h) = 0 + h**3 - 7*h**2 - 3 - 2*h**3 - 7*h. What is m(-6)?
3
Let x(f) = 5*f + 4. Let r(v) = -3 - v + 0 + 2. Let a(b) = 6*r(b) + x(b). What is a(-4)?
2
Let q be 1/(-7) - 120/(-56). Let w(u) = 4 - u**3 + 12*u - 11*u + q*u**2 - 8*u**2. Give w(-6).
-2
Let h(s) = -4*s + 7*s + 0*s - s + 6. Give h(-4).
-2
Let n be ((-8)/(-24))/(5/45). Let j(l) = 2 + l**3 - l**2 - 2*l + l - l. Determine j(n).
14
Let h(f) = f - 1. Let a = 2 - 4. Let k be (6 + -2)/(3/(-3)). Let o = a - k. What is h(o)?
1
Let w(c) = -c**2 + 7*c - 5. Let r(i) = -i - 6. Let y be (4 - (3 + -1)) + -13. Let m be r(y). Determine w(m).
5
Let u(y) be the first derivative of y**3/3 - 5*y**2/2 - 10*y - 14. Determine u(7).
4
Suppose 3*b + b = u - 28, b + 5*u = -28. Let y(m) = -m**3 - 7*m**2 + 7*m + 4. Give y(b).
12
Let c(k) = -k - 6. Suppose 0 = 2*l + p + 2*p + 19, 5*l + 3*p + 43 = 0. What is c(l)?
2
Let o(u) be the first derivative of -u**2/2 - 4*u - 1. Let r(j) = -j**3 - 7*j**2 - 7*j - 2. Let m be r(-6). Determine o(m).
-8
Let q(v) = 1. Let y(u) = -6*u. Let k(f) = q(f) + y(f). Calculate k(1).
-5
Let r(y) be the third derivative of y**5/10 + y**4/24 - y**3/6 - 16*y**2. What is r(2)?
25
Suppose -2*u + 0 + 1 = 3*o, -2*o - 3*u = 6. Let q(h) = -5*h + h + 3 + h**2 + o - 3. Calculate q(4).
3
Let m(u) = -u**3 - 7*u**2 - 6*u + 2. Suppose -5*o = -2*b - 132 + 14, 49 = 2*o + b. Suppose z + 3*z = -o. What is m(z)?
2
Let m(a) be the third derivative of -a**5/60 + a**4/24 - 5*a**3/6 + a**2. Suppose 3*k = j - 2*j + 1, 0 = -k + 3*j - 3. What is m(k)?
-5
Let t be (-4)/(-2*(-2)/(-4)). Let f be 6/9 + 17/(-3). Let s(j) = -7*j + 3. Let a(g) = 11*g - 5. Let n(v) = f*a(v) - 8*s(v). Give n(t).
5
Let j(i) be the first derivative of -2 - 6*i + 1/2*i**2. What is j(6)?
0
Let c(y) = -10*y**3 + 12*y**2 - 16*y + 3. Let z(d) = -3*d**3 + 4*d**2 - 5*d + 1. Let v(w) = -2*c(w) + 7*z(w). Determine v(3).
1
Let w(n) = n**3 - 6*n**2 + 5*n + 2. Let s = 0 - -5. Let j be w(s). Let b(h) = -2*h**3 + 2*h**j + 0*h**2 + 2*h - 3 + h. What is b(2)?
-5
Let s(m) = -3*m**2 - m**3 + 0 + 2 + 2*m**3 + 0*m - 2*m. Suppose 14*k - 13*k - 2 = 0. What is s(k)?
-6
Suppose 0 = -4*g + r - 15, 0 = 3*g + g + 2*r + 6. Let v = 4 + g. Let j(s) be the second derivative of -5*s**3/6 - s**2/2 + 8*s. Determine j(v).
-6
Let r(w) = -w**2 + 2*w - 1. Let t(j) = j**2 - 7*j + 3. Let o be t(7). Suppose -2*x + 12 = x